e hundred thousands digit of 112373?
1
What is the units digit of 109353?
3
What is the tens digit of 21153?
5
What is the ten thousands digit of 13391?
1
What is the thousands digit of 8429?
8
What is the thousands digit of 3276?
3
What is the units digit of 3776?
6
What is the thousands digit of 70335?
0
What is the tens digit of 124001?
0
What is the thousands digit of 14968?
4
What is the thousands digit of 1864?
1
What is the tens digit of 346?
4
What is the thousands digit of 31895?
1
What is the ten thousands digit of 19021?
1
What is the hundreds digit of 34127?
1
What is the units digit of 384?
4
What is the tens digit of 17200?
0
What is the hundreds digit of 23533?
5
What is the units digit of 1529?
9
What is the units digit of 18997?
7
What is the tens digit of 2662?
6
What is the thousands digit of 5688?
5
What is the tens digit of 314?
1
What is the hundreds digit of 31128?
1
What is the hundreds digit of 20577?
5
What is the tens digit of 23677?
7
What is the hundreds digit of 6512?
5
What is the hundreds digit of 118?
1
What is the units digit of 4874?
4
What is the hundreds digit of 27581?
5
What is the hundreds digit of 1407?
4
What is the units digit of 28494?
4
What is the hundreds digit of 14687?
6
What is the hundreds digit of 57960?
9
What is the thousands digit of 36102?
6
What is the tens digit of 3654?
5
What is the hundreds digit of 1230?
2
What is the tens digit of 2921?
2
What is the hundred thousands digit of 131670?
1
What is the units digit of 17376?
6
What is the thousands digit of 1009?
1
What is the units digit of 3216?
6
What is the tens digit of 357?
5
What is the tens digit of 3282?
8
What is the tens digit of 1440?
4
What is the tens digit of 40497?
9
What is the tens digit of 79237?
3
What is the tens digit of 1159?
5
What is the hundreds digit of 4217?
2
What is the units digit of 30508?
8
What is the hundreds digit of 3143?
1
What is the tens digit of 3431?
3
What is the thousands digit of 3025?
3
What is the units digit of 48548?
8
What is the hundreds digit of 451?
4
What is the hundreds digit of 556?
5
What is the tens digit of 2385?
8
What is the thousands digit of 4639?
4
What is the tens digit of 2305?
0
What is the hundreds digit of 131522?
5
What is the tens digit of 35462?
6
What is the thousands digit of 4900?
4
What is the thousands digit of 11610?
1
What is the ten thousands digit of 26016?
2
What is the units digit of 11968?
8
What is the units digit of 684?
4
What is the hundreds digit of 5156?
1
What is the hundreds digit of 19937?
9
What is the tens digit of 2799?
9
What is the units digit of 6703?
3
What is the units digit of 13386?
6
What is the units digit of 428?
8
What is the hundreds digit of 32761?
7
What is the units digit of 57995?
5
What is the tens digit of 1142?
4
What is the units digit of 10255?
5
What is the thousands digit of 1058?
1
What is the units digit of 4805?
5
What is the hundreds digit of 3549?
5
What is the thousands digit of 19546?
9
What is the ten thousands digit of 25896?
2
What is the tens digit of 5699?
9
What is the thousands digit of 19701?
9
What is the hundreds digit of 11745?
7
What is the hundreds digit of 7013?
0
What is the units digit of 23707?
7
What is the units digit of 79?
9
What is the thousands digit of 2351?
2
What is the thousands digit of 2877?
2
What is the units digit of 1115?
5
What is the hundreds digit of 1174?
1
What is the hundreds digit of 3763?
7
What is the units digit of 17280?
0
What is the hundreds digit of 995?
9
What is the ten thousands digit of 18415?
1
What is the units digit of 3221?
1
What is the units digit of 42991?
1
What is the hundreds digit of 4746?
7
What is the thousands digit of 33614?
3
What is the units digit of 53?
3
What is the units digit of 901?
1
What is the thousands digit of 1894?
1
What is the tens digit of 404?
0
What is the units digit of 671?
1
What is the units digit of 81341?
1
What is the hundreds digit of 6305?
3
What is the units digit of 92?
2
What is the tens digit of 3728?
2
What is the hundreds digit of 3638?
6
What is the thousands digit of 197414?
7
What is the tens digit of 6874?
7
What is the tens digit of 1089?
8
What is the hundreds digit of 51947?
9
What is the hundreds digit of 835?
8
What is the units digit of 1111?
1
What is the units digit of 1062?
2
What is the thousands digit of 18396?
8
What is the hundreds digit of 550?
5
What is the thousands digit of 24735?
4
What is the tens digit of 84737?
3
What is the tens digit of 590?
9
What is the ten thousands digit of 18102?
1
What is the hundreds digit of 463?
4
What is the units digit of 3916?
6
What is the hundreds digit of 14655?
6
What is the hundreds digit of 5881?
8
What is the tens digit of 5303?
0
What is the hundreds digit of 500?
5
What is the ten thousands digit of 96499?
9
What is the tens digit of 2218?
1
What is the units digit of 128093?
3
What is the tens digit of 3936?
3
What is the tens digit of 19957?
5
What is the units digit of 26908?
8
What is the hundreds digit of 43451?
4
What is the units digit of 1233?
3
What is the tens digit of 559?
5
What is the units digit of 26153?
3
What is the hundreds digit of 78247?
2
What is the tens digit of 2261?
6
What is the thousands digit of 42674?
2
What is the hundreds digit of 1493?
4
What is the units digit of 3574?
4
What is the hundreds digit of 2583?
5
What is the units digit of 872?
2
What is the tens digit of 75?
7
What is the thousands digit of 1218?
1
What is the tens digit of 3703?
0
What is the hundreds digit of 3567?
5
What is the thousands digit of 31093?
1
What is the tens digit of 46696?
9
What is the units digit of 147446?
6
What is the hundreds digit of 703?
7
What is the hundreds digit of 254?
2
What is the hundreds digit of 94050?
0
What is the units digit of 29188?
8
What is the hundreds digit of 218?
2
What is the hundreds digit of 1193?
1
What is the hundreds digit of 812?
8
What is the thousands digit of 1816?
1
What is the units digit of 1569?
9
What is the tens digit of 952?
5
What is the units digit of 135225?
5
What is the tens digit of 8969?
6
What is the units digit of 3?
3
What is the units digit of 17901?
1
What is the hundreds digit of 537?
5
What is the thousands digit of 8258?
8
What is the tens digit of 740?
4
What is the units digit of 97?
7
What is the units digit of 32946?
6
What is the tens digit of 595?
9
What is the units digit of 11241?
1
What is the hundreds digit of 3034?
0
What is the units digit of 4046?
6
What is the thousands digit of 1797?
1
What is the units digit of 2477?
7
What is the units digit of 85602?
2
What is the thousands digit of 86828?
6
What is the thousands digit of 5818?
5
What is the tens digit of 856?
5
What is the units digit of 19988?
8
What is the hundred thousands digit of 126534?
1
What is the hundreds digit of 2600?
6
What is the units digit of 8701?
1
What is the units digit of 17529?
9
What is the tens digit of 44528?
2
What is the hundreds digit of 2592?
5
What is the hundreds digit of 1639?
6
What is the units digit of 419?
9
What is the units digit of 7989?
9
What is the hundreds digit of 619?
6
What is the units digit of 30955?
5
What is the tens digit of 2117?
1
What is the units digit of 490?
0
What is the hundreds digit of 879?
8
What is the thousands digit of 2950?
2
What is the hundreds digit of 742?
7
What is the thousands digit of 1437?
1
What is the tens digit of 16699?
9
What is the thousands digit of 3591?
3
What is the hundreds digit of 872?
8
What is the units digit of 4980?
0
What is the hundreds digit of 6554?
5
What is the tens digit of 5591?
9
What is the hundreds digit of 856?
8
What is the hundreds digit of 492?
4
What is the tens digit of 4080?
8
What is the thousands digit of 4946?
4
What is the thousands digit of 60317?
0
What is the units digit of 7938?
8
What is the hundreds digit of 5137?
1
What is the hundreds digit of 2089?
0
What is the hundreds digit of 73500?
5
What is the hundreds digit of 2519?
5
What is the hundreds digit of 4416?
4
What is the units digit of 9503?
3
What is the hundreds digit of 4789?
7
What is the hundreds digit of 27742?
7
What is the hundreds digit of 9435?
4
What is the tens digit of 4380?
8
What is the ten thousands digit of 12563?